{"id":36,"date":"2013-03-22T19:47:08","date_gmt":"2013-03-22T17:47:08","guid":{"rendered":"http:\/\/timanttikisat.fi\/saty\/?page_id=36"},"modified":"2026-01-11T17:58:39","modified_gmt":"2026-01-11T15:58:39","slug":"hallitus-2013","status":"publish","type":"page","link":"https:\/\/www.satakunnanyleisurheilu.fi\/?page_id=36","title":{"rendered":"Hallitus 2026"},"content":{"rendered":"<p><strong>Puheenjohtajat:<br \/><\/strong><strong>Heikki Jaakkola, pj<br \/><\/strong><a style=\"line-height: 1.5;\" href=\"mailto:heikki.jaakkola@leisku.fi\">heikki.jaakkola@leisku.fi<br \/><\/a><span style=\"line-height: 1.5;\">040 500 6228<\/span><\/p>\n<p><strong>Kimmo Ky\u00f6sti, vpj &amp; kunniakierros vastaava<\/strong><br \/><a href=\"mailto:kimmo.kyosti@pp.inet.fi\">kimmo.kyosti@pp.inet.fi<\/a><br \/>050 514 9422<\/p>\n<p><strong>Sihteeri:<br \/>Heidi Sepp\u00e4l\u00e4<br \/><\/strong>050 354 8482<br \/><a href=\"mailto:sihteeri.porinyu@gmail.com\">sihteeri.porinyu@gmail.com<\/a><\/p>\n<p><strong>Kilpailuvastaava:<br \/>Mia Rantala\u00a0<br \/><\/strong>050 437 3434<\/p>\n<p><b>Koulutusvastaava:<br \/>Terhi M\u00e4nnist\u00f6<\/b><br \/>050 091 9405<\/p>\n<p><strong>Mika Kallio<br \/><\/strong>040 076 9440<\/p>\n<p><strong>Juho Pitk\u00e4koski<\/strong><br \/>050 307 4027<\/p>\n<p><strong>Kaisa Iham\u00e4ki<\/strong><br \/>040 707 4191<\/p>\n<p><strong>Ville-Matti Hakanp\u00e4\u00e4<\/strong><br \/>045 111 5525<\/p>\n<p><b>Mika Kiekara<\/b><br \/>045 148 3579<\/p>\n\n\n<p><br><\/p>\n","protected":false},"excerpt":{"rendered":"<p>Puheenjohtajat:Heikki Jaakkola, pjheikki.jaakkola@leisku.fi040 500 6228 Kimmo Ky\u00f6sti, vpj &amp; kunniakierros vastaavakimmo.kyosti@pp.inet.fi050 514 9422 Sihteeri:Heidi Sepp\u00e4l\u00e4050 354 8482sihteeri.porinyu@gmail.com Kilpailuvastaava:Mia Rantala\u00a0050 437 3434 Koulutusvastaava:Terhi M\u00e4nnist\u00f6050 091 9405 Mika Kallio040 076 9440 Juho Pitk\u00e4koski050 307 4027 Kaisa Iham\u00e4ki040 707 4191 Ville-Matti Hakanp\u00e4\u00e4045 111 5525 Mika Kiekara045 148 3579<\/p>\n","protected":false},"author":6,"featured_media":0,"parent":16,"menu_order":0,"comment_status":"open","ping_status":"open","template":"","meta":{"jetpack_post_was_ever_published":false,"footnotes":""},"class_list":["post-36","page","type-page","status-publish","hentry","entry"],"jetpack_sharing_enabled":true,"jetpack_shortlink":"https:\/\/wp.me\/P5Y5ll-A","_links":{"self":[{"href":"https:\/\/www.satakunnanyleisurheilu.fi\/index.php?rest_route=\/wp\/v2\/pages\/36","targetHints":{"allow":["GET"]}}],"collection":[{"href":"https:\/\/www.satakunnanyleisurheilu.fi\/index.php?rest_route=\/wp\/v2\/pages"}],"about":[{"href":"https:\/\/www.satakunnanyleisurheilu.fi\/index.php?rest_route=\/wp\/v2\/types\/page"}],"author":[{"embeddable":true,"href":"https:\/\/www.satakunnanyleisurheilu.fi\/index.php?rest_route=\/wp\/v2\/users\/6"}],"replies":[{"embeddable":true,"href":"https:\/\/www.satakunnanyleisurheilu.fi\/index.php?rest_route=%2Fwp%2Fv2%2Fcomments&post=36"}],"version-history":[{"count":40,"href":"https:\/\/www.satakunnanyleisurheilu.fi\/index.php?rest_route=\/wp\/v2\/pages\/36\/revisions"}],"predecessor-version":[{"id":2866,"href":"https:\/\/www.satakunnanyleisurheilu.fi\/index.php?rest_route=\/wp\/v2\/pages\/36\/revisions\/2866"}],"up":[{"embeddable":true,"href":"https:\/\/www.satakunnanyleisurheilu.fi\/index.php?rest_route=\/wp\/v2\/pages\/16"}],"wp:attachment":[{"href":"https:\/\/www.satakunnanyleisurheilu.fi\/index.php?rest_route=%2Fwp%2Fv2%2Fmedia&parent=36"}],"curies":[{"name":"wp","href":"https:\/\/api.w.org\/{rel}","templated":true}]}}